*2 - 35*d - 49. Let z(w) = 3*w**2 - 102*w - 148. Let x(t) = -17*f(t) + 6*z(t). Calculate x(20).
5
Let s be (-2)/(-2)*-1 - 2430/(-2). Let x(h) = -5 - h**3 - 3*h + 0*h + s*h**2 - 1219*h**2. Determine x(-5).
10
Let v(k) be the second derivative of k**5/20 + 5*k**4/12 - 5*k**3/6 - 2411*k. Suppose -4*s - 49 = 3*h + 2*h, 0 = 4*s + 3*h + 39. Determine v(s).
-6
Let w(i) be the second derivative of 0 - 1/6*i**3 + 13*i**2 + 37*i + 1/12*i**4. Let x = -1 + 1. Determine w(x).
26
Let h(y) be the second derivative of y**5/20 - y**4/2 - 5*y**3/6 - 4*y**2 - 1093*y. Suppose -q - q + 26 = 4*w, -5*w + 8 = -q. Give h(q).
6
Let t(j) be the first derivative of -j**2 - 4*j - 25. Let p = 15 - 17. Let d be 160/50 - p/(-10). Determine t(d).
-10
Suppose 10*d = 93 + 7. Let x(s) = 9 - 5*s - d - 156*s**2 + 0*s + 155*s**2. Let f be -2 + 1*(-2 + 0). What is x(f)?
3
Let i be 4 + 0/(2 - 6). Let t be 34/14 - i*3/(-21). Let h(y) be the third derivative of y**4/24 + 2*y**3/3 - 2*y**2. Give h(t).
7
Let d(p) = p**2 - 4*p - 1. Let g be (-2 - -2)/(11/11). Let x(w) = -w + 4. Let o be x(g). Suppose o*u - 1 = -j + 7, j = 4*u. What is d(j)?
-1
Let k(s) = -1624*s + 3252*s + 4 - 1618*s + 4. Determine k(-1).
-2
Let d(p) = -p**3 - 2*p**2 + 24*p + 3. Let z = 6131 - 6137. Give d(z).
3
Let u be 14/21 - (-1 - 301/3). Suppose 0 = -4*c + 2*i - 136, 0 = -0*c + 3*c + 5*i + u. Let j = c + 41. Let r(f) = -f + 1. What is r(j)?
-6
Let t(w) = -w**3 - w - 1. Let s(m) = -6*m**3 - 7*m**2 - 5*m - 10. Let d(q) = s(q) - 5*t(q). Let o(n) = -20*n - 67. Let a be o(-3). What is d(a)?
-5
Let z = 2 + -25. Let t(c) = c + 28. Let y be t(z). Let m(a) be the second derivative of a**5/20 - a**4/3 - 5*a**3/6 - a**2 + 4*a. Calculate m(y).
-2
Let s = 288 - 281. Let o(u) = -49*u**3 + 21*u**3 - 8*u + s*u**2 + 27*u**3 - 3. What is o(6)?
-15
Let v(h) be the first derivative of -h**2/2 - 21*h + 154. Let a(b) = b + 24. Let r(o) = -5*a(o) - 6*v(o). Calculate r(5).
11
Let v be (5 + 1242/(-90))*5/2. Let m(k) = 3*k + 55. What is m(v)?
-11
Let d = 2 - 8. Let p(a) = -3*a**3 - 20*a**2 + 486*a - 60. Let h(j) = -4*j**3 - 27*j**2 + 667*j - 80. Let y(u) = -8*h(u) + 11*p(u). Determine y(d).
-8
Suppose -s - 44 = 3*c + 70, 0 = 5*c + 2*s + 190. Let a = 1154 - 1119. Let q = a + c. Let f(z) = z**3 + 3*z**2 - z - 3. Determine f(q).
0
Let d = -10491 - -10481. Let j(l) = 16*l + 150. What is j(d)?
-10
Let r(j) be the first derivative of j**3/3 - j**2/2 + j + 7571. Let k = -7 - -11. Suppose -s = -2*m - 1, 0*m - 4*s = k*m - 28. What is r(m)?
3
Let j(f) be the third derivative of 7/2*f**3 + 3*f**2 + 0*f - 1/120*f**5 + 0 - 5/24*f**4. Let h(x) be the first derivative of j(x). Give h(-6).
1
Let f(v) = 16*v**2 + v - 1. Let k(p) = 20*p**2 + 2*p - 1. Let u be 12/108 - 105/(-27). Let o(a) = u*f(a) - 3*k(a). What is o(-1)?
5
Let o = 8652 + -8651. Let q(i) = 30*i**2 - 2*i + 1. Give q(o).
29
Let g be (55 - 0) + 0/5 + 0. Let x = g - 63. Let d(l) = l**3 + 9*l**2 + 9*l - 4. Give d(x).
-12
Let s(h) = -282*h + 15. Let c(d) = -45*d - 1. Let q(p) = -6*c(p) + s(p). Determine q(2).
-3
Let b = -771 - -768. Let m(s) = -2*s - 1. Let u(z) = -z + 3. Let f(d) = -d + 4. Let j(q) = -4*f(q) + 5*u(q). Let o(c) = -6*j(c) + 4*m(c). Calculate o(b).
8
Let j(f) = f**3 - 3*f**2 - 1. Suppose 0*s - 4*x = s - 19, 0 = 3*s + x - 35. Suppose r = -8 + s. What is j(r)?
-1
Let c(m) be the first derivative of -m**3/3 + 8*m**2 - 13*m - 1530. Calculate c(15).
2
Let k(n) be the third derivative of -n**6/240 + n**4/2 - 2*n**3/3 - n**2 + 12. Let w(u) be the second derivative of k(u). Calculate w(-1).
3
Let p(z) be the second derivative of -1/6*z**3 - 1/12*z**4 + 0 + 7/2*z**2 - 7*z. Let o be (3 + (-20)/5)*0. Determine p(o).
7
Let j(p) = -19*p**3 - p + 1. Let w be (-48)/56*14/(-4). Suppose w*m = -9*m + 12. Determine j(m).
-19
Let a(b) = b - 3. Let q(f) = f**3 - 7*f**2 + 27*f - 86. Let s be q(5). Let y(c) = -5*c**3 - c - 1. Let g be y(s). Give a(g).
2
Let r(o) = o**3 + 6*o**2 + 4*o + 3. Suppose 4*a - 3*v = 23, 30 - 20 = a - 5*v. Let h(i) = 2*i**2 - 10*i - 5. Let u be h(a). Determine r(u).
8
Suppose 0 = -2*b - 3*c - 513, 5*b = 21*c - 16*c - 1295. Let r = b - -251. Let t(x) = 2*x + 7 + x**2 + 7*x + 0*x**2. What is t(r)?
-7
Let s(o) = -o**3 + 8*o**2 + o + 3. Let d be ((-1173)/(-9) - 0) + (-10)/30. Suppose 37*i - d = 166. Determine s(i).
11
Let s(z) be the first derivative of 16*z**2 - 748*z - 17*z**2 + 751*z - 162. Calculate s(4).
-5
Let l be 5/(-7) + 1 - 850/(-14). Let n = l - 51. Let s(y) = 2 - n - 5*y - y + y**2. Calculate s(6).
-8
Let z(r) = -203*r**2 + 11*r + 9. Let k(u) = 37*u**2 - 2*u - 2. Let d(f) = 11*k(f) + 2*z(f). Calculate d(-6).
32
Suppose 0 = 3*u - 4*m + 48, 0 = u - 2*u - 5*m - 16. Let j be ((-12)/u)/(45/300). Let d(x) = -5 + 3*x - 2 + 0. Calculate d(j).
8
Suppose -36 = f - 0*z + 3*z, 0 = z - 2. Let g = f + 44. Suppose -g = 5*w - 12. Let u(n) = 2*n**2 - 3*n. What is u(w)?
2
Let g(u) be the first derivative of -u**4/4 - 5*u**3/3 - u**2 - 6*u - 125866. Suppose -4*t + 3*t + 10 = 0. Suppose 0 = 3*v - 5*v - t. Calculate g(v).
4
Suppose 1665*d - 84 = -6*y + 1660*d, -3*d = 5*y - 63. Let p = -2 - -1. Let w(f) = f. Let r(u) = -u**2 + 14*u - 3. Let j(g) = p*r(g) + 5*w(g). What is j(y)?
3
Let q(w) be the first derivative of w**4/4 + 19*w**3/3 + w**2/2 + 24*w - 2446. Determine q(-19).
5
Let b(t) = 13*t**3 - 1. Suppose 2*a + 3*s - 5*s - 264 = 0, 2*a = 5*s + 267. Let v = a - 130. Determine b(v).
12
Suppose -153 = 1634*q - 1656*q + 67. Let j(f) = -f**3 + 13*f**2 - 30*f - 11. Give j(q).
-11
Let c be 44/52 + -1 + 1323/(-273). Let f(r) = -r - 18. What is f(c)?
-13
Let w = 366 - 368. Let d(o) be the third derivative of -o**5/60 + o**4/24 + o**3/6 - 60*o**2. Give d(w).
-5
Let m(v) = 7*v. Let a be (-13 + 0)*1 + 6. Give m(a).
-49
Let o(l) = -7*l**2 - 7*l - 122. Let f(a) = 37*a**2 + 34*a + 656. Let y(n) = 2*f(n) + 11*o(n). Calculate y(-3).
-30
Let u(m) = 2*m**2 - 11*m - 12. Let o be u(7). Suppose -g = 4*n - 27, 2*g - o = 5*n - 7. Let b(c) = -c**2 + 11*c - 2. What is b(g)?
-2
Let u(z) be the second derivative of 1/2*z**3 - 2 + 3*z**2 - 14*z. Give u(-5).
-9
Let i = 38 + -35. Suppose 8*c = 5*c + i*f + 24, -5*c + 37 = -2*f. Let u(k) be the second derivative of k**3/6 - 2*k**2 - k. Determine u(c).
3
Let a(k) = 5*k**2 + 2*k - 1. Let t(v) be the third derivative of -v**5/6 - v**4/8 + v**3/3 - 196*v**2. Let y(j) = -10*a(j) - 6*t(j). Give y(-1).
10
Let p(l) = 53*l**3 - 23*l**2 + 5*l + 1. Let x(q) = q**3 - 13*q**2 - 1. Let m(s) = -p(s) + 2*x(s). What is m(-1)?
50
Let y(l) = 5*l + 0*l**2 - 7*l**2 + 6*l**2 - 3. Suppose -63*v + 65*v = -196. Let h = v - -102. Give y(h).
1
Suppose -4*i + 3*m + 14 = 0, -4*m + 0*m = -i + 10. Let p(c) be the third derivative of 1/24*c**4 + 0 - 1/6*c**3 - 19*c**i + 0*c. Give p(-6).
-7
Let l = 3 + 6. Let a(z) = 34401*z - 17205*z - 17194*z - 15. Give a(l).
3
Let y(r) be the first derivative of -r**2 - 2*r + 1034. Give y(25).
-52
Let a(i) = -i**3 - 7*i**2 + 2. Suppose -5*v = 48 + 72. Let h = v + 29. Suppose -33 + h = 4*y. Give a(y).
2
Let p(c) = -c**3 + 575 - 4*c**3 - 70*c**2 - 570 + 4*c**3 - c + 79*c**2. Suppose -2*h - 4*d + 10 = 0, -3*d + 4*d + 2 = 0. Give p(h).
-4
Let z(b) = -b**2 - 9*b - 1. Let w be z(-8). Suppose 4*x = -0 - 4. Let v = w + x. Let m(d) = -d**2 + 6*d - 1. Determine m(v).
-1
Let z = 258 - 255. Let g(b) = -b - z*b - 2*b - 1 + 2*b. Suppose -5*o - 6 = -2*n, -2*o = 2*o + 5*n + 18. What is g(o)?
7
Let w(b) = b**2 + 8*b + 9*b - 32*b + 5 + 10*b + 14*b. Let s be 3*3*(-30)/54. Determine w(s).
-15
Let j(w) = 3 - 3 + w. Let n = -497 + 548. Suppose -27*l + n = -3. Calculate j(l).
2
Let g = 2 + -3. Let c(l) be the third derivative of 0*l - 13/24*l**4 + 0*l**3 - 10 - 3*l**2. Determine c(g).
13
Let f(u) = -23*u**3 + u**2. Suppose 18 = -70*d + 88. Calculate f(d).
-22
Let k(u) = 7*u**3 + 66*u**2 + 7*u - 21. Let b(r) = -r**3 - 11*r**2 - r + 3. Let z(q) = 13*b(q) + 2*k(q). Calculate z(10).
-93
Let w(p) be the second derivative of 5*p**3/6 - 21*p**2 + 2143*p. What is w(9)?
3
Let x be (-2)/(-1 + -1) - 10. Let c(j) = -6*j + 6*j + 15 - 54 - 3*j + 17. What is c(x)?
5
Let c(z) = -z**3 - 9*z**2 + 22*z. Let m be 3/(-9)*(15*(-77)/(-33) + -2). Give c(m).
0
Suppose -84*m + 14 = -82*m. Let n(v) = m*v**3 - 289 - v**2 + 290 - v + v**2. Determine n(1).
7
Let p be -5*-2*2/4. Let v(j) = -j**2 + 5*j + 1. Let z be v(p). 